{"id":33,"date":"2023-08-09T11:11:25","date_gmt":"2023-08-09T09:11:25","guid":{"rendered":"https:\/\/caitriona-moughan-psy.com\/?page_id=33"},"modified":"2025-01-16T09:45:08","modified_gmt":"2025-01-16T08:45:08","slug":"accueil","status":"publish","type":"page","link":"https:\/\/caitriona-moughan-psy.com\/","title":{"rendered":"Accueil"},"content":{"rendered":"\n<p><strong>Caitriona Moughan&nbsp;: Psychologue clinicienne et psychoth\u00e9rapeute<\/strong><\/p>\n\n\n\n<div class=\"wp-block-media-text is-stacked-on-mobile is-vertically-aligned-top\"><figure class=\"wp-block-media-text__media\"><img loading=\"lazy\" decoding=\"async\" width=\"1024\" height=\"683\" src=\"https:\/\/caitriona-moughan-psy.com\/wp-content\/uploads\/2023\/08\/Catriona-Moughan-Psychologue-Clinicienne-1-1024x683.jpg\" alt=\"Caitriona Moughan psychologue clinicienne.\" class=\"wp-image-371 size-full\" srcset=\"https:\/\/caitriona-moughan-psy.com\/wp-content\/uploads\/2023\/08\/Catriona-Moughan-Psychologue-Clinicienne-1-1024x683.jpg 1024w, https:\/\/caitriona-moughan-psy.com\/wp-content\/uploads\/2023\/08\/Catriona-Moughan-Psychologue-Clinicienne-1-300x200.jpg 300w, https:\/\/caitriona-moughan-psy.com\/wp-content\/uploads\/2023\/08\/Catriona-Moughan-Psychologue-Clinicienne-1-768x512.jpg 768w, https:\/\/caitriona-moughan-psy.com\/wp-content\/uploads\/2023\/08\/Catriona-Moughan-Psychologue-Clinicienne-1-1536x1024.jpg 1536w, https:\/\/caitriona-moughan-psy.com\/wp-content\/uploads\/2023\/08\/Catriona-Moughan-Psychologue-Clinicienne-1-2048x1366.jpg 2048w\" sizes=\"auto, (max-width: 767px) 89vw, (max-width: 1000px) 54vw, (max-width: 1071px) 543px, 580px\" \/><\/figure><div class=\"wp-block-media-text__content\">\n<p>Bienvenue,<\/p>\n\n\n\n<p>Psychologue Clinicienne dipl\u00f4m\u00e9e d\u2019un Master 2 en Psychologie et Psychopathologie Clinique Psychanalytique de l\u2019Universit\u00e9  <\/p>\n<\/div><\/div>\n\n\n\n<p>Lumi\u00e8re Lyon 2, r\u00e9pertori\u00e9e au registre des psychologues, je re\u00e7ois les adultes, les adolescents, les enfants, les couples et les familles en difficult\u00e9 dans mon cabinet pour des s\u00e9ances de psychoth\u00e9rapie. <br>Je propose \u00e9galement des s\u00e9ances de supervision individuelles ou groupales aux professionnels. <br>Possibilit\u00e9 de t\u00e9l\u00e9consultation. <br>Bilingue, je propose des entretiens en fran\u00e7ais et en anglais.<\/p>\n\n\n\n<p>Bonne visite du site et au plaisir de vous rencontrer pour vous accompagner dans votre travail psychique.<\/p>\n\n\n\n<p>Adresse du cabinet&nbsp;: 403 rue Jean Jaures (1<sup>e<\/sup> \u00e9tage), 83000 Toulon (en bas du cours Lafayette)<\/p>\n\n\n\n<p>Horaires : le mercredi et le jeudi de apr\u00e8s-midi.<\/p>\n\n\n\n<p class=\"has-black-color has-text-color\"><strong>Pourquoi consulter un psychologue clinicien ?<\/strong><\/p>\n\n\n\n<p>Cette d\u00e9cision peut venir du besoin que vous ressentez de faire un pas de c\u00f4t\u00e9 par rapport \u00e0 un quotidien source de souffrance, de mettre un sens sur ce que vous vivez, d\u2019explorer une angoisse, un sympt\u00f4me&#8230;&#8230;<em><a href=\"https:\/\/caitriona-moughan-psy.com\/index.php\/pourquoi-consulter-un-psychologue-clinicien\/\">En savoir plus<\/a><\/em><\/p>\n\n\n\n<p class=\"has-black-color has-text-color\"><strong>Types de consultations&nbsp;:<\/strong><\/p>\n\n\n\n<p><strong>Adulte&nbsp;:<\/strong><\/p>\n\n\n\n<p>La d\u00e9marche d\u2019entreprendre une psychoth\u00e9rapie demande un certain courage m\u00eame pour un adulte. Il s\u2019agit d\u2019une situation de rencontre o\u00f9 vous allez communiquer une partie de votre mal-\u00eatre et formuler votre demande. Il est question d\u2019oser d\u00e9voiler une partie de votre int\u00e9riorit\u00e9 &#8230;&#8230;<em><a href=\"https:\/\/caitriona-moughan-psy.com\/index.php\/types-de-consultations\/\">En savoir plus<\/a><\/em><\/p>\n\n\n\n<p><\/p>\n\n\n\n<p><\/p>\n\n\n\n<p class=\"has-black-color has-text-color\"><strong>Cadre et tarif des consultations&nbsp;<\/strong>:<\/p>\n\n\n\n<p>Lors du premier entretien, c\u2019est l\u2019occasion de faire connaissance, pour vous d\u2019exprimer votre demande, vos besoins, votre contexte de vie et pour moi d\u2019expliciter le cadre du travail.<\/p>\n\n\n\n<p>Vous pourrez vous vous faire une id\u00e9e de qui je suis, des formes d\u2019accompagnement que je propose &#8230;&#8230;.<em><a href=\"https:\/\/caitriona-moughan-psy.com\/index.php\/cadre-et-le-tarif-des-consultations\/\">En savoir plus<\/a><\/em><\/p>\n\n\n\n<p><\/p>\n\n\n\n<p class=\"has-black-color has-text-color\"><strong>Mon parcours&nbsp;:<\/strong><\/p>\n\n\n\n<p>Si la psychologie me passionne depuis mon adolescence, j\u2019ai pourtant exerc\u00e9 dans le domaine de l\u2019enseignement aupr\u00e8s des adolescents pendant de nombreuses ann\u00e9es au sein de l\u2019\u00c9ducation Nationale avant de reprendre les \u00e9tudes pour devenir psychologue clinicienne &#8230;.<em><a href=\"https:\/\/caitriona-moughan-psy.com\/index.php\/mon-parcours\/\">En savoir plus<\/a><\/em><\/p>\n\n\n\n<p><\/p>\n\n\n\n<p><\/p>\n\n\n\n<p class=\"has-black-color has-text-color\"><strong>Approche et m\u00e9thode&nbsp;:<\/strong><\/p>\n\n\n\n<p>La m\u00e9thode clinique que je pratique est psychanalytique&nbsp;: c&#8217;est-\u00e0-dire que je crois que l&#8217;activit\u00e9 de notre vie psychique r\u00e9pond \u00e0 des m\u00e9canismes inconscients dont nous-m\u00eames, sujets conscients, n&#8217;avons aucune connaissance claire et imm\u00e9diate. Nos modes d\u2019expression (langages verbal et corporel, comportement, \u00e9motions), nos r\u00eaves, nos actes manqu\u00e9s, donnent des voies d\u2019acc\u00e8s \u00e0&#8230;&#8230;.<em><a href=\"https:\/\/caitriona-moughan-psy.com\/index.php\/approche-et-methode\/\">En Savoir Plus<\/a><\/em><\/p>\n\n\n\n<p class=\"has-black-color has-text-color\"><strong>Mon \u00e9thique&nbsp;:<\/strong><\/p>\n\n\n\n<p>La n\u00e9cessit\u00e9 de continuer \u00e0 fournir un travail psychique sur moi-m\u00eame fait partie de mon \u00e9thique. J\u2019ai un long parcours et travail psychoth\u00e9rapeutique individuel et en psychoth\u00e9rapie de groupe et suis toujours en analyse&#8230;&#8230;&#8230;<em><a href=\"https:\/\/caitriona-moughan-psy.com\/index.php\/ethique\/\">En savoir plus<\/a><\/em><\/p>\n\n\n\n<p><\/p>\n\n\n\n<p class=\"has-black-color has-text-color\"><strong>Sp\u00e9cificit\u00e9 du psychologue clinicien&nbsp;<\/strong><\/p>\n\n\n\n<p>Il existe diff\u00e9rentes formations de psychologue&nbsp;: neuropsychologue, psychologue de travail, psychologue social, psychologue du d\u00e9veloppement. Le psychologue clinicien est sp\u00e9cialis\u00e9 dans la sant\u00e9 mentale et l\u2019\u00e9valuation, le diagnostic, le traitement et la pr\u00e9vention des troubles \u00e9motionnels. Dot\u00e9 d\u2019une formation acad\u00e9mique approfondie en&#8230;&#8230;<em><a href=\"https:\/\/caitriona-moughan-psy.com\/index.php\/specificite-du-psychologue-clinicien\/\">En Savoir Plus<\/a><\/em><\/p>\n\n\n\n<p>Pour prendre un rendez-vous cliquez <a href=\"https:\/\/www.doctolib.fr\/psychologue\/toulon\/caitriona-moughan\">ici.<\/a><\/p>\n\n\n\n<p>Emplacement du cabinet, cliquez <a href=\"https:\/\/www.google.com\/maps\/place\/113+Cr+Lafayette,+83000+Toulon\/@43.1202831,5.9312755,17z\/data=!3m1!4b1!4m6!3m5!1s0x12c91b0c580f18c7:0x9371c7c73b8f3117!8m2!3d43.1202831!4d5.9338504!16s%2Fg%2F11b8v4sz7s?entry=ttu\">ici<\/a>.<\/p>\n","protected":false},"excerpt":{"rendered":"<p>Caitriona Moughan&nbsp;: Psychologue clinicienne et psychoth\u00e9rapeute Bienvenue, Psychologue Clinicienne dipl\u00f4m\u00e9e d\u2019un Master 2 en Psychologie et Psychopathologie Clinique Psychanalytique de l\u2019Universit\u00e9 Lumi\u00e8re Lyon 2, r\u00e9pertori\u00e9e au registre des psychologues, je re\u00e7ois les adultes, les adolescents, les enfants, les couples et les familles en difficult\u00e9 dans mon cabinet pour des s\u00e9ances de psychoth\u00e9rapie. Je propose \u00e9galement &hellip; <\/p>\n<p class=\"link-more\"><a href=\"https:\/\/caitriona-moughan-psy.com\/\" class=\"more-link\">Continue reading<span class=\"screen-reader-text\"> &#8220;Accueil&#8221;<\/span><\/a><\/p>\n","protected":false},"author":1,"featured_media":0,"parent":0,"menu_order":0,"comment_status":"closed","ping_status":"closed","template":"","meta":{"footnotes":""},"class_list":["post-33","page","type-page","status-publish","hentry"],"yoast_head":"<!-- This site is optimized with the Yoast SEO plugin v24.2 - https:\/\/yoast.com\/wordpress\/plugins\/seo\/ -->\n<title>Psychologue - Caitriona Moughan<\/title>\n<meta name=\"description\" content=\"Psychologue clinicienne install\u00e9e \u00e0 Toulon - Le Var (83), Caitriona Moughan vous propose des th\u00e9rapies individuelles.\" \/>\n<meta name=\"robots\" content=\"index, follow, max-snippet:-1, max-image-preview:large, max-video-preview:-1\" \/>\n<link rel=\"canonical\" href=\"https:\/\/caitriona-moughan-psy.com\/\" \/>\n<meta property=\"og:locale\" content=\"en_US\" \/>\n<meta property=\"og:type\" content=\"article\" \/>\n<meta property=\"og:title\" content=\"Psychologue - Caitriona Moughan\" \/>\n<meta property=\"og:description\" content=\"Psychologue clinicienne install\u00e9e \u00e0 Toulon - Le Var (83), Caitriona Moughan vous propose des th\u00e9rapies individuelles.\" \/>\n<meta property=\"og:url\" content=\"https:\/\/caitriona-moughan-psy.com\/\" \/>\n<meta property=\"og:site_name\" content=\"Caitriona Moughan\" \/>\n<meta property=\"article:modified_time\" content=\"2025-01-16T08:45:08+00:00\" \/>\n<meta property=\"og:image\" content=\"https:\/\/caitriona-moughan-psy.com\/wp-content\/uploads\/2023\/08\/Catriona-Moughan-Psychologue-Clinicienne-1.jpg\" \/>\n\t<meta property=\"og:image:width\" content=\"2500\" \/>\n\t<meta property=\"og:image:height\" content=\"1667\" \/>\n\t<meta property=\"og:image:type\" content=\"image\/jpeg\" \/>\n<meta name=\"twitter:card\" content=\"summary_large_image\" \/>\n<meta name=\"twitter:label1\" content=\"Est. reading time\" \/>\n\t<meta name=\"twitter:data1\" content=\"3 minutes\" \/>\n<script type=\"application\/ld+json\" class=\"yoast-schema-graph\">{\"@context\":\"https:\/\/schema.org\",\"@graph\":[{\"@type\":\"WebPage\",\"@id\":\"https:\/\/caitriona-moughan-psy.com\/\",\"url\":\"https:\/\/caitriona-moughan-psy.com\/\",\"name\":\"Psychologue - Caitriona Moughan\",\"isPartOf\":{\"@id\":\"https:\/\/caitriona-moughan-psy.com\/#website\"},\"primaryImageOfPage\":{\"@id\":\"https:\/\/caitriona-moughan-psy.com\/#primaryimage\"},\"image\":{\"@id\":\"https:\/\/caitriona-moughan-psy.com\/#primaryimage\"},\"thumbnailUrl\":\"https:\/\/caitriona-moughan-psy.com\/wp-content\/uploads\/2023\/08\/Catriona-Moughan-Psychologue-Clinicienne-1-1024x683.jpg\",\"datePublished\":\"2023-08-09T09:11:25+00:00\",\"dateModified\":\"2025-01-16T08:45:08+00:00\",\"description\":\"Psychologue clinicienne install\u00e9e \u00e0 Toulon - Le Var (83), Caitriona Moughan vous propose des th\u00e9rapies individuelles.\",\"breadcrumb\":{\"@id\":\"https:\/\/caitriona-moughan-psy.com\/#breadcrumb\"},\"inLanguage\":\"en-US\",\"potentialAction\":[{\"@type\":\"ReadAction\",\"target\":[\"https:\/\/caitriona-moughan-psy.com\/\"]}]},{\"@type\":\"ImageObject\",\"inLanguage\":\"en-US\",\"@id\":\"https:\/\/caitriona-moughan-psy.com\/#primaryimage\",\"url\":\"https:\/\/caitriona-moughan-psy.com\/wp-content\/uploads\/2023\/08\/Catriona-Moughan-Psychologue-Clinicienne-1-1024x683.jpg\",\"contentUrl\":\"https:\/\/caitriona-moughan-psy.com\/wp-content\/uploads\/2023\/08\/Catriona-Moughan-Psychologue-Clinicienne-1-1024x683.jpg\"},{\"@type\":\"BreadcrumbList\",\"@id\":\"https:\/\/caitriona-moughan-psy.com\/#breadcrumb\",\"itemListElement\":[{\"@type\":\"ListItem\",\"position\":1,\"name\":\"Home\",\"item\":\"https:\/\/caitriona-moughan-psy.com\/\"},{\"@type\":\"ListItem\",\"position\":2,\"name\":\"Accueil\"}]},{\"@type\":\"WebSite\",\"@id\":\"https:\/\/caitriona-moughan-psy.com\/#website\",\"url\":\"https:\/\/caitriona-moughan-psy.com\/\",\"name\":\"Caitriona Moughan Psychologue clinicienne\",\"description\":\"Psychologue  clinicienne et psychoth\u00e9rapeute.\",\"publisher\":{\"@id\":\"https:\/\/caitriona-moughan-psy.com\/#organization\"},\"alternateName\":\"Psychologue clinicienne\",\"potentialAction\":[{\"@type\":\"SearchAction\",\"target\":{\"@type\":\"EntryPoint\",\"urlTemplate\":\"https:\/\/caitriona-moughan-psy.com\/?s={search_term_string}\"},\"query-input\":{\"@type\":\"PropertyValueSpecification\",\"valueRequired\":true,\"valueName\":\"search_term_string\"}}],\"inLanguage\":\"en-US\"},{\"@type\":\"Organization\",\"@id\":\"https:\/\/caitriona-moughan-psy.com\/#organization\",\"name\":\"Psychologue clinicienne - Caitriona Moughan\",\"alternateName\":\"Psychologue clinicienne - Caitriona Moughan\",\"url\":\"https:\/\/caitriona-moughan-psy.com\/\",\"logo\":{\"@type\":\"ImageObject\",\"inLanguage\":\"en-US\",\"@id\":\"https:\/\/caitriona-moughan-psy.com\/#\/schema\/logo\/image\/\",\"url\":\"https:\/\/caitriona-moughan-psy.com\/wp-content\/uploads\/2023\/08\/brain-1.png\",\"contentUrl\":\"https:\/\/caitriona-moughan-psy.com\/wp-content\/uploads\/2023\/08\/brain-1.png\",\"width\":512,\"height\":512,\"caption\":\"Psychologue clinicienne - Caitriona Moughan\"},\"image\":{\"@id\":\"https:\/\/caitriona-moughan-psy.com\/#\/schema\/logo\/image\/\"}}]}<\/script>\n<!-- \/ Yoast SEO plugin. -->","yoast_head_json":{"title":"Psychologue - Caitriona Moughan","description":"Psychologue clinicienne install\u00e9e \u00e0 Toulon - Le Var (83), Caitriona Moughan vous propose des th\u00e9rapies individuelles.","robots":{"index":"index","follow":"follow","max-snippet":"max-snippet:-1","max-image-preview":"max-image-preview:large","max-video-preview":"max-video-preview:-1"},"canonical":"https:\/\/caitriona-moughan-psy.com\/","og_locale":"en_US","og_type":"article","og_title":"Psychologue - Caitriona Moughan","og_description":"Psychologue clinicienne install\u00e9e \u00e0 Toulon - Le Var (83), Caitriona Moughan vous propose des th\u00e9rapies individuelles.","og_url":"https:\/\/caitriona-moughan-psy.com\/","og_site_name":"Caitriona Moughan","article_modified_time":"2025-01-16T08:45:08+00:00","og_image":[{"width":2500,"height":1667,"url":"https:\/\/caitriona-moughan-psy.com\/wp-content\/uploads\/2023\/08\/Catriona-Moughan-Psychologue-Clinicienne-1.jpg","type":"image\/jpeg"}],"twitter_card":"summary_large_image","twitter_misc":{"Est. reading time":"3 minutes"},"schema":{"@context":"https:\/\/schema.org","@graph":[{"@type":"WebPage","@id":"https:\/\/caitriona-moughan-psy.com\/","url":"https:\/\/caitriona-moughan-psy.com\/","name":"Psychologue - Caitriona Moughan","isPartOf":{"@id":"https:\/\/caitriona-moughan-psy.com\/#website"},"primaryImageOfPage":{"@id":"https:\/\/caitriona-moughan-psy.com\/#primaryimage"},"image":{"@id":"https:\/\/caitriona-moughan-psy.com\/#primaryimage"},"thumbnailUrl":"https:\/\/caitriona-moughan-psy.com\/wp-content\/uploads\/2023\/08\/Catriona-Moughan-Psychologue-Clinicienne-1-1024x683.jpg","datePublished":"2023-08-09T09:11:25+00:00","dateModified":"2025-01-16T08:45:08+00:00","description":"Psychologue clinicienne install\u00e9e \u00e0 Toulon - Le Var (83), Caitriona Moughan vous propose des th\u00e9rapies individuelles.","breadcrumb":{"@id":"https:\/\/caitriona-moughan-psy.com\/#breadcrumb"},"inLanguage":"en-US","potentialAction":[{"@type":"ReadAction","target":["https:\/\/caitriona-moughan-psy.com\/"]}]},{"@type":"ImageObject","inLanguage":"en-US","@id":"https:\/\/caitriona-moughan-psy.com\/#primaryimage","url":"https:\/\/caitriona-moughan-psy.com\/wp-content\/uploads\/2023\/08\/Catriona-Moughan-Psychologue-Clinicienne-1-1024x683.jpg","contentUrl":"https:\/\/caitriona-moughan-psy.com\/wp-content\/uploads\/2023\/08\/Catriona-Moughan-Psychologue-Clinicienne-1-1024x683.jpg"},{"@type":"BreadcrumbList","@id":"https:\/\/caitriona-moughan-psy.com\/#breadcrumb","itemListElement":[{"@type":"ListItem","position":1,"name":"Home","item":"https:\/\/caitriona-moughan-psy.com\/"},{"@type":"ListItem","position":2,"name":"Accueil"}]},{"@type":"WebSite","@id":"https:\/\/caitriona-moughan-psy.com\/#website","url":"https:\/\/caitriona-moughan-psy.com\/","name":"Caitriona Moughan Psychologue clinicienne","description":"Psychologue  clinicienne et psychoth\u00e9rapeute.","publisher":{"@id":"https:\/\/caitriona-moughan-psy.com\/#organization"},"alternateName":"Psychologue clinicienne","potentialAction":[{"@type":"SearchAction","target":{"@type":"EntryPoint","urlTemplate":"https:\/\/caitriona-moughan-psy.com\/?s={search_term_string}"},"query-input":{"@type":"PropertyValueSpecification","valueRequired":true,"valueName":"search_term_string"}}],"inLanguage":"en-US"},{"@type":"Organization","@id":"https:\/\/caitriona-moughan-psy.com\/#organization","name":"Psychologue clinicienne - Caitriona Moughan","alternateName":"Psychologue clinicienne - Caitriona Moughan","url":"https:\/\/caitriona-moughan-psy.com\/","logo":{"@type":"ImageObject","inLanguage":"en-US","@id":"https:\/\/caitriona-moughan-psy.com\/#\/schema\/logo\/image\/","url":"https:\/\/caitriona-moughan-psy.com\/wp-content\/uploads\/2023\/08\/brain-1.png","contentUrl":"https:\/\/caitriona-moughan-psy.com\/wp-content\/uploads\/2023\/08\/brain-1.png","width":512,"height":512,"caption":"Psychologue clinicienne - Caitriona Moughan"},"image":{"@id":"https:\/\/caitriona-moughan-psy.com\/#\/schema\/logo\/image\/"}}]}},"_links":{"self":[{"href":"https:\/\/caitriona-moughan-psy.com\/index.php\/wp-json\/wp\/v2\/pages\/33","targetHints":{"allow":["GET"]}}],"collection":[{"href":"https:\/\/caitriona-moughan-psy.com\/index.php\/wp-json\/wp\/v2\/pages"}],"about":[{"href":"https:\/\/caitriona-moughan-psy.com\/index.php\/wp-json\/wp\/v2\/types\/page"}],"author":[{"embeddable":true,"href":"https:\/\/caitriona-moughan-psy.com\/index.php\/wp-json\/wp\/v2\/users\/1"}],"replies":[{"embeddable":true,"href":"https:\/\/caitriona-moughan-psy.com\/index.php\/wp-json\/wp\/v2\/comments?post=33"}],"version-history":[{"count":102,"href":"https:\/\/caitriona-moughan-psy.com\/index.php\/wp-json\/wp\/v2\/pages\/33\/revisions"}],"predecessor-version":[{"id":482,"href":"https:\/\/caitriona-moughan-psy.com\/index.php\/wp-json\/wp\/v2\/pages\/33\/revisions\/482"}],"wp:attachment":[{"href":"https:\/\/caitriona-moughan-psy.com\/index.php\/wp-json\/wp\/v2\/media?parent=33"}],"curies":[{"name":"wp","href":"https:\/\/api.w.org\/{rel}","templated":true}]}}