{"id":98,"date":"2023-08-14T13:44:51","date_gmt":"2023-08-14T11:44:51","guid":{"rendered":"https:\/\/caitriona-moughan-psy.com\/index.php\/accueil-english\/"},"modified":"2023-08-18T13:28:50","modified_gmt":"2023-08-18T11:28:50","slug":"accueil-english","status":"publish","type":"page","link":"https:\/\/caitriona-moughan-psy.com\/index.php\/en\/accueil-english\/","title":{"rendered":"Home"},"content":{"rendered":"<div class=\"wp-block-image\">\n<figure class=\"aligncenter size-large is-resized\"><img loading=\"lazy\" decoding=\"async\" src=\"https:\/\/www.oc.gov.ma\/sites\/default\/files\/inline-images\/Website-Under-Construction.jpg\" alt=\"\" style=\"width:588px;height:391px\" width=\"588\" height=\"391\"\/><\/figure>\n<\/div>\n\n<div class=\"wp-block-image\">\n<figure class=\"aligncenter size-full\"><img loading=\"lazy\" decoding=\"async\" width=\"650\" height=\"483\" src=\"http:\/\/caitriona-moughan-psy.com\/wp-content\/uploads\/2023\/08\/Psychologue-1.jpg\" alt=\"\" class=\"wp-image-136\" srcset=\"https:\/\/caitriona-moughan-psy.com\/wp-content\/uploads\/2023\/08\/Psychologue-1.jpg 650w, https:\/\/caitriona-moughan-psy.com\/wp-content\/uploads\/2023\/08\/Psychologue-1-300x223.jpg 300w\" sizes=\"auto, (max-width: 650px) 100vw, 650px\" \/><\/figure>\n<\/div>\n\n\n<p>To make an appointment click <a href=\"https:\/\/caitriona-moughan-psy.com\/index.php\/en\/make-an-appointment\/\">here<\/a>.<\/p>\n\n\n\n<p>Location of the practice, click <a href=\"https:\/\/www.google.com\/maps\/place\/113+Cr+Lafayette,+83000+Toulon\/@43.1202831,5.9338504,17z\/data=!3m1!4b1!4m6!3m5!1s0x12c91b0c580f18c7:0x9371c7c73b8f3117!8m2!3d43.1202831!4d5.9338504!16s%2Fg%2F11b8v4sz7s?entry=ttu\">here <\/a>.<\/p>\n\n\n\n<p><br><strong>Office hours: <\/strong><\/p>\n\n\n\n<p>Wednesday: 8:45 a.m.-12:00 p.m.    2:00 p.m.-7:00 p.m. <\/p>\n\n\n\n<p>Thursday: 10 a.m.-1 p.m.    2 p.m.-7 p.m.<\/p>\n","protected":false},"excerpt":{"rendered":"<p>To make an appointment click here. Location of the practice, click here . Office hours: Wednesday: 8:45 a.m.-12:00 p.m. 2:00 p.m.-7:00 p.m. Thursday: 10 a.m.-1 p.m. 2 p.m.-7 p.m.<\/p>\n","protected":false},"author":1,"featured_media":0,"parent":0,"menu_order":0,"comment_status":"closed","ping_status":"closed","template":"","meta":{"footnotes":""},"class_list":["post-98","page","type-page","status-publish","hentry"],"yoast_head":"<!-- This site is optimized with the Yoast SEO plugin v24.2 - https:\/\/yoast.com\/wordpress\/plugins\/seo\/ -->\n<title>Home - Caitriona Moughan<\/title>\n<meta name=\"description\" content=\"Caitriona Moughan psychologue clinicienne - (Psychologue, clinicien, Toulon, psychoth\u00e9rapie, psychoth\u00e9rapie de groupe, supervision, m\u00e9diations\" \/>\n<meta name=\"robots\" content=\"index, follow, max-snippet:-1, max-image-preview:large, max-video-preview:-1\" \/>\n<link rel=\"canonical\" href=\"https:\/\/caitriona-moughan-psy.com\/index.php\/en\/accueil-english\/\" \/>\n<meta property=\"og:locale\" content=\"en_US\" \/>\n<meta property=\"og:type\" content=\"article\" \/>\n<meta property=\"og:title\" content=\"Home - Caitriona Moughan\" \/>\n<meta property=\"og:description\" content=\"Caitriona Moughan psychologue clinicienne - (Psychologue, clinicien, Toulon, psychoth\u00e9rapie, psychoth\u00e9rapie de groupe, supervision, m\u00e9diations\" \/>\n<meta property=\"og:url\" content=\"https:\/\/caitriona-moughan-psy.com\/index.php\/en\/accueil-english\/\" \/>\n<meta property=\"og:site_name\" content=\"Caitriona Moughan\" \/>\n<meta property=\"article:modified_time\" content=\"2023-08-18T11:28:50+00:00\" \/>\n<meta property=\"og:image\" content=\"https:\/\/www.oc.gov.ma\/sites\/default\/files\/inline-images\/Website-Under-Construction.jpg\" \/>\n<meta name=\"twitter:card\" content=\"summary_large_image\" \/>\n<meta name=\"twitter:label1\" content=\"Est. reading time\" \/>\n\t<meta name=\"twitter:data1\" content=\"1 minute\" \/>\n<script type=\"application\/ld+json\" class=\"yoast-schema-graph\">{\"@context\":\"https:\/\/schema.org\",\"@graph\":[{\"@type\":\"WebPage\",\"@id\":\"https:\/\/caitriona-moughan-psy.com\/index.php\/en\/accueil-english\/\",\"url\":\"https:\/\/caitriona-moughan-psy.com\/index.php\/en\/accueil-english\/\",\"name\":\"Home - Caitriona Moughan\",\"isPartOf\":{\"@id\":\"https:\/\/caitriona-moughan-psy.com\/#website\"},\"primaryImageOfPage\":{\"@id\":\"https:\/\/caitriona-moughan-psy.com\/index.php\/en\/accueil-english\/#primaryimage\"},\"image\":{\"@id\":\"https:\/\/caitriona-moughan-psy.com\/index.php\/en\/accueil-english\/#primaryimage\"},\"thumbnailUrl\":\"https:\/\/www.oc.gov.ma\/sites\/default\/files\/inline-images\/Website-Under-Construction.jpg\",\"datePublished\":\"2023-08-14T11:44:51+00:00\",\"dateModified\":\"2023-08-18T11:28:50+00:00\",\"description\":\"Caitriona Moughan psychologue clinicienne - (Psychologue, clinicien, Toulon, psychoth\u00e9rapie, psychoth\u00e9rapie de groupe, supervision, m\u00e9diations\",\"breadcrumb\":{\"@id\":\"https:\/\/caitriona-moughan-psy.com\/index.php\/en\/accueil-english\/#breadcrumb\"},\"inLanguage\":\"en-US\",\"potentialAction\":[{\"@type\":\"ReadAction\",\"target\":[\"https:\/\/caitriona-moughan-psy.com\/index.php\/en\/accueil-english\/\"]}]},{\"@type\":\"ImageObject\",\"inLanguage\":\"en-US\",\"@id\":\"https:\/\/caitriona-moughan-psy.com\/index.php\/en\/accueil-english\/#primaryimage\",\"url\":\"https:\/\/www.oc.gov.ma\/sites\/default\/files\/inline-images\/Website-Under-Construction.jpg\",\"contentUrl\":\"https:\/\/www.oc.gov.ma\/sites\/default\/files\/inline-images\/Website-Under-Construction.jpg\"},{\"@type\":\"BreadcrumbList\",\"@id\":\"https:\/\/caitriona-moughan-psy.com\/index.php\/en\/accueil-english\/#breadcrumb\",\"itemListElement\":[{\"@type\":\"ListItem\",\"position\":1,\"name\":\"Home\",\"item\":\"https:\/\/caitriona-moughan-psy.com\/\"},{\"@type\":\"ListItem\",\"position\":2,\"name\":\"Home\"}]},{\"@type\":\"WebSite\",\"@id\":\"https:\/\/caitriona-moughan-psy.com\/#website\",\"url\":\"https:\/\/caitriona-moughan-psy.com\/\",\"name\":\"Caitriona Moughan Psychologue clinicienne\",\"description\":\"Psychologue  clinicienne et psychoth\u00e9rapeute.\",\"publisher\":{\"@id\":\"https:\/\/caitriona-moughan-psy.com\/#organization\"},\"alternateName\":\"Psychologue clinicienne\",\"potentialAction\":[{\"@type\":\"SearchAction\",\"target\":{\"@type\":\"EntryPoint\",\"urlTemplate\":\"https:\/\/caitriona-moughan-psy.com\/?s={search_term_string}\"},\"query-input\":{\"@type\":\"PropertyValueSpecification\",\"valueRequired\":true,\"valueName\":\"search_term_string\"}}],\"inLanguage\":\"en-US\"},{\"@type\":\"Organization\",\"@id\":\"https:\/\/caitriona-moughan-psy.com\/#organization\",\"name\":\"Psychologue clinicienne - Caitriona Moughan\",\"alternateName\":\"Psychologue clinicienne - Caitriona Moughan\",\"url\":\"https:\/\/caitriona-moughan-psy.com\/\",\"logo\":{\"@type\":\"ImageObject\",\"inLanguage\":\"en-US\",\"@id\":\"https:\/\/caitriona-moughan-psy.com\/#\/schema\/logo\/image\/\",\"url\":\"https:\/\/caitriona-moughan-psy.com\/wp-content\/uploads\/2023\/08\/brain-1.png\",\"contentUrl\":\"https:\/\/caitriona-moughan-psy.com\/wp-content\/uploads\/2023\/08\/brain-1.png\",\"width\":512,\"height\":512,\"caption\":\"Psychologue clinicienne - Caitriona Moughan\"},\"image\":{\"@id\":\"https:\/\/caitriona-moughan-psy.com\/#\/schema\/logo\/image\/\"}}]}<\/script>\n<!-- \/ Yoast SEO plugin. -->","yoast_head_json":{"title":"Home - Caitriona Moughan","description":"Caitriona Moughan psychologue clinicienne - (Psychologue, clinicien, Toulon, psychoth\u00e9rapie, psychoth\u00e9rapie de groupe, supervision, m\u00e9diations","robots":{"index":"index","follow":"follow","max-snippet":"max-snippet:-1","max-image-preview":"max-image-preview:large","max-video-preview":"max-video-preview:-1"},"canonical":"https:\/\/caitriona-moughan-psy.com\/index.php\/en\/accueil-english\/","og_locale":"en_US","og_type":"article","og_title":"Home - Caitriona Moughan","og_description":"Caitriona Moughan psychologue clinicienne - (Psychologue, clinicien, Toulon, psychoth\u00e9rapie, psychoth\u00e9rapie de groupe, supervision, m\u00e9diations","og_url":"https:\/\/caitriona-moughan-psy.com\/index.php\/en\/accueil-english\/","og_site_name":"Caitriona Moughan","article_modified_time":"2023-08-18T11:28:50+00:00","og_image":[{"url":"https:\/\/www.oc.gov.ma\/sites\/default\/files\/inline-images\/Website-Under-Construction.jpg","type":"","width":"","height":""}],"twitter_card":"summary_large_image","twitter_misc":{"Est. reading time":"1 minute"},"schema":{"@context":"https:\/\/schema.org","@graph":[{"@type":"WebPage","@id":"https:\/\/caitriona-moughan-psy.com\/index.php\/en\/accueil-english\/","url":"https:\/\/caitriona-moughan-psy.com\/index.php\/en\/accueil-english\/","name":"Home - Caitriona Moughan","isPartOf":{"@id":"https:\/\/caitriona-moughan-psy.com\/#website"},"primaryImageOfPage":{"@id":"https:\/\/caitriona-moughan-psy.com\/index.php\/en\/accueil-english\/#primaryimage"},"image":{"@id":"https:\/\/caitriona-moughan-psy.com\/index.php\/en\/accueil-english\/#primaryimage"},"thumbnailUrl":"https:\/\/www.oc.gov.ma\/sites\/default\/files\/inline-images\/Website-Under-Construction.jpg","datePublished":"2023-08-14T11:44:51+00:00","dateModified":"2023-08-18T11:28:50+00:00","description":"Caitriona Moughan psychologue clinicienne - (Psychologue, clinicien, Toulon, psychoth\u00e9rapie, psychoth\u00e9rapie de groupe, supervision, m\u00e9diations","breadcrumb":{"@id":"https:\/\/caitriona-moughan-psy.com\/index.php\/en\/accueil-english\/#breadcrumb"},"inLanguage":"en-US","potentialAction":[{"@type":"ReadAction","target":["https:\/\/caitriona-moughan-psy.com\/index.php\/en\/accueil-english\/"]}]},{"@type":"ImageObject","inLanguage":"en-US","@id":"https:\/\/caitriona-moughan-psy.com\/index.php\/en\/accueil-english\/#primaryimage","url":"https:\/\/www.oc.gov.ma\/sites\/default\/files\/inline-images\/Website-Under-Construction.jpg","contentUrl":"https:\/\/www.oc.gov.ma\/sites\/default\/files\/inline-images\/Website-Under-Construction.jpg"},{"@type":"BreadcrumbList","@id":"https:\/\/caitriona-moughan-psy.com\/index.php\/en\/accueil-english\/#breadcrumb","itemListElement":[{"@type":"ListItem","position":1,"name":"Home","item":"https:\/\/caitriona-moughan-psy.com\/"},{"@type":"ListItem","position":2,"name":"Home"}]},{"@type":"WebSite","@id":"https:\/\/caitriona-moughan-psy.com\/#website","url":"https:\/\/caitriona-moughan-psy.com\/","name":"Caitriona Moughan Psychologue clinicienne","description":"Psychologue  clinicienne et psychoth\u00e9rapeute.","publisher":{"@id":"https:\/\/caitriona-moughan-psy.com\/#organization"},"alternateName":"Psychologue clinicienne","potentialAction":[{"@type":"SearchAction","target":{"@type":"EntryPoint","urlTemplate":"https:\/\/caitriona-moughan-psy.com\/?s={search_term_string}"},"query-input":{"@type":"PropertyValueSpecification","valueRequired":true,"valueName":"search_term_string"}}],"inLanguage":"en-US"},{"@type":"Organization","@id":"https:\/\/caitriona-moughan-psy.com\/#organization","name":"Psychologue clinicienne - Caitriona Moughan","alternateName":"Psychologue clinicienne - Caitriona Moughan","url":"https:\/\/caitriona-moughan-psy.com\/","logo":{"@type":"ImageObject","inLanguage":"en-US","@id":"https:\/\/caitriona-moughan-psy.com\/#\/schema\/logo\/image\/","url":"https:\/\/caitriona-moughan-psy.com\/wp-content\/uploads\/2023\/08\/brain-1.png","contentUrl":"https:\/\/caitriona-moughan-psy.com\/wp-content\/uploads\/2023\/08\/brain-1.png","width":512,"height":512,"caption":"Psychologue clinicienne - Caitriona Moughan"},"image":{"@id":"https:\/\/caitriona-moughan-psy.com\/#\/schema\/logo\/image\/"}}]}},"_links":{"self":[{"href":"https:\/\/caitriona-moughan-psy.com\/index.php\/wp-json\/wp\/v2\/pages\/98","targetHints":{"allow":["GET"]}}],"collection":[{"href":"https:\/\/caitriona-moughan-psy.com\/index.php\/wp-json\/wp\/v2\/pages"}],"about":[{"href":"https:\/\/caitriona-moughan-psy.com\/index.php\/wp-json\/wp\/v2\/types\/page"}],"author":[{"embeddable":true,"href":"https:\/\/caitriona-moughan-psy.com\/index.php\/wp-json\/wp\/v2\/users\/1"}],"replies":[{"embeddable":true,"href":"https:\/\/caitriona-moughan-psy.com\/index.php\/wp-json\/wp\/v2\/comments?post=98"}],"version-history":[{"count":10,"href":"https:\/\/caitriona-moughan-psy.com\/index.php\/wp-json\/wp\/v2\/pages\/98\/revisions"}],"predecessor-version":[{"id":198,"href":"https:\/\/caitriona-moughan-psy.com\/index.php\/wp-json\/wp\/v2\/pages\/98\/revisions\/198"}],"wp:attachment":[{"href":"https:\/\/caitriona-moughan-psy.com\/index.php\/wp-json\/wp\/v2\/media?parent=98"}],"curies":[{"name":"wp","href":"https:\/\/api.w.org\/{rel}","templated":true}]}}